at are the prime factors of 2774?
2, 19, 73
List the prime factors of 8639.
53, 163
List the prime factors of 47691.
3, 7, 757
What are the prime factors of 3412?
2, 853
What are the prime factors of 1403?
23, 61
What are the prime factors of 2395?
5, 479
What are the prime factors of 7329?
3, 7, 349
What are the prime factors of 1364?
2, 11, 31
List the prime factors of 88996.
2, 19, 1171
List the prime factors of 17551.
17551
What are the prime factors of 15759?
3, 17, 103
What are the prime factors of 4?
2
What are the prime factors of 303?
3, 101
List the prime factors of 1099.
7, 157
List the prime factors of 164346.
2, 3, 7, 13, 43
What are the prime factors of 1371?
3, 457
What are the prime factors of 4854?
2, 3, 809
What are the prime factors of 73?
73
List the prime factors of 17892.
2, 3, 7, 71
What are the prime factors of 32843?
32843
What are the prime factors of 694?
2, 347
List the prime factors of 1211.
7, 173
What are the prime factors of 98713?
98713
What are the prime factors of 1270?
2, 5, 127
List the prime factors of 4150.
2, 5, 83
What are the prime factors of 23829?
3, 13, 47
List the prime factors of 1851.
3, 617
List the prime factors of 977.
977
List the prime factors of 14810.
2, 5, 1481
What are the prime factors of 7423?
13, 571
List the prime factors of 743.
743
What are the prime factors of 431?
431
What are the prime factors of 5437?
5437
What are the prime factors of 12291?
3, 17, 241
List the prime factors of 729.
3
What are the prime factors of 378?
2, 3, 7
What are the prime factors of 4959?
3, 19, 29
List the prime factors of 1679.
23, 73
List the prime factors of 5448.
2, 3, 227
List the prime factors of 3193.
31, 103
List the prime factors of 14065.
5, 29, 97
List the prime factors of 2344.
2, 293
What are the prime factors of 4995?
3, 5, 37
What are the prime factors of 5833?
19, 307
List the prime factors of 825.
3, 5, 11
List the prime factors of 35948.
2, 11, 19, 43
List the prime factors of 1267.
7, 181
List the prime factors of 2768.
2, 173
What are the prime factors of 2012?
2, 503
List the prime factors of 614.
2, 307
List the prime factors of 1390.
2, 5, 139
List the prime factors of 16320.
2, 3, 5, 17
What are the prime factors of 50519?
7, 1031
What are the prime factors of 1040?
2, 5, 13
List the prime factors of 4141.
41, 101
What are the prime factors of 1835?
5, 367
List the prime factors of 5061.
3, 7, 241
What are the prime factors of 687?
3, 229
List the prime factors of 1485.
3, 5, 11
What are the prime factors of 1612?
2, 13, 31
What are the prime factors of 1738?
2, 11, 79
List the prime factors of 6452.
2, 1613
What are the prime factors of 18819?
3, 17, 41
What are the prime factors of 228?
2, 3, 19
List the prime factors of 1232.
2, 7, 11
List the prime factors of 14348.
2, 17, 211
What are the prime factors of 1435?
5, 7, 41
What are the prime factors of 91908?
2, 3, 23, 37
What are the prime factors of 528?
2, 3, 11
What are the prime factors of 132418?
2, 11, 13, 463
What are the prime factors of 1404?
2, 3, 13
What are the prime factors of 2715?
3, 5, 181
List the prime factors of 1482.
2, 3, 13, 19
What are the prime factors of 391?
17, 23
What are the prime factors of 13626?
2, 3, 757
What are the prime factors of 67872?
2, 3, 7, 101
What are the prime factors of 1155?
3, 5, 7, 11
What are the prime factors of 11821?
11821
List the prime factors of 34315.
5, 6863
List the prime factors of 57997.
59, 983
What are the prime factors of 21122?
2, 59, 179
List the prime factors of 338.
2, 13
What are the prime factors of 2184?
2, 3, 7, 13
List the prime factors of 11066.
2, 11, 503
What are the prime factors of 4035?
3, 5, 269
What are the prime factors of 80776?
2, 23, 439
What are the prime factors of 4810?
2, 5, 13, 37
List the prime factors of 9210.
2, 3, 5, 307
What are the prime factors of 1220?
2, 5, 61
What are the prime factors of 2657?
2657
List the prime factors of 764.
2, 191
List the prime factors of 16048.
2, 17, 59
List the prime factors of 5876.
2, 13, 113
List the prime factors of 63202.
2, 31601
List the prime factors of 1993.
1993
List the prime factors of 362.
2, 181
What are the prime factors of 342?
2, 3, 19
What are the prime factors of 1910?
2, 5, 191
What are the prime factors of 75796?
2, 7, 2707
List the prime factors of 11689.
11689
List the prime factors of 19636.
2, 4909
What are the prime factors of 12782?
2, 7, 11, 83
What are the prime factors of 274?
2, 137
List the prime factors of 2870.
2, 5, 7, 41
List the prime factors of 19493.
101, 193
List the prime factors of 9745.
5, 1949
List the prime factors of 6344.
2, 13, 61
List the prime factors of 229.
229
List the prime factors of 26134.
2, 73, 179
What are the prime factors of 21188?
2, 5297
What are the prime factors of 75422?
2, 43, 877
List the prime factors of 182.
2, 7, 13
List the prime factors of 5927.
5927
What are the prime factors of 2745?
3, 5, 61
List the prime factors of 34050.
2, 3, 5, 227
List the prime factors of 4944.
2, 3, 103
What are the prime factors of 25678?
2, 37, 347
What are the prime factors of 674?
2, 337
List the prime factors of 18673.
71, 263
List the prime factors of 2735.
5, 547
List the prime factors of 2017.
2017
What are the prime factors of 4786?
2, 2393
What are the prime factors of 2307?
3, 769
List the prime factors of 5453.
7, 19, 41
What are the prime factors of 2015?
5, 13, 31
What are the prime factors of 22627?
11, 17
List the prime factors of 1488.
2, 3, 31
List the prime factors of 4341.
3, 1447
List the prime factors of 2201.
31, 71
What are the prime factors of 15018?
2, 3, 2503
List the prime factors of 330.
2, 3, 5, 11
List the prime factors of 29.
29
List the prime factors of 15779.
31, 509
List the prime factors of 1101.
3, 367
What are the prime factors of 2203?
2203
What are the prime factors of 54308?
2, 13577
What are the prime factors of 1448?
2, 181
What are the prime factors of 54580?
2, 5, 2729
What are the prime factors of 49808?
2, 11, 283
What are the prime factors of 8984?
2, 1123
List the prime factors of 28255.
5, 5651
What are the prime factors of 411?
3, 137
List the prime factors of 12204.
2, 3, 113
List the prime factors of 4455.
3, 5, 11
List the prime factors of 17699.
11, 1609
What are the prime factors of 7814?
2, 3907
List the prime factors of 10693.
17, 37
What are the prime factors of 3043?
17, 179
List the prime factors of 6070.
2, 5, 607
List the prime factors of 6206.
2, 29, 107
List the prime factors of 166974.
2, 3, 17, 1637
What are the prime factors of 7661?
47, 163
List the prime factors of 11983.
23, 521
List the prime factors of 30142.
2, 7, 2153
What are the prime factors of 114622?
2, 223, 257
What are the prime factors of 9107?
7, 1301
What are the prime factors of 16344?
2, 3, 227
What are the prime factors of 36164?
2, 9041
What are the prime factors of 174588?
2, 3, 14549
What are the prime factors of 8025?
3, 5, 107
List the prime factors of 96898.
2, 48449
What are the prime factors of 615?
3, 5, 41
What are the prime factors of 1108?
2, 277
List the prime factors of 709.
709
List the prime factors of 66548.
2, 127, 131
What are the prime factors of 16173?
3, 599
List the prime factors of 15989.
59, 271
What are the prime factors of 45965?
5, 29, 317
What are the prime factors of 9632?
2, 7, 43
What are the prime factors of 2043?
3, 227
List the prime factors of 2161.
2161
What are the prime factors of 24468?
2, 3, 2039
List the prime factors of 10574.
2, 17, 311
What are the prime factors of 72737?
7, 10391
What are the prime factors of 21810?
2, 3, 5, 727
What are the prime factors of 591?
3, 197
List the prime factors of 12007.
12007
List the prime factors of 7851.
3, 2617
What are the prime factors of 68216?
2, 8527
List the prime factors of 1112.
2, 139
List the prime factors of 34513.
34513
What are the prime factors of 24079?
11, 199
List the prime factors of 31695.
3, 5, 2113
List the prime factors of 16826.
2, 47, 179
List the prime factors of 34822.
2, 23, 757
What are the prime factors of 24094?
2, 7, 1721
List the prime factors of 446.
2, 223
List the prime factors of 1258.
2, 17, 37
What are the prime factors of 38?
2, 19
List the prime factors of 22808.
2, 2851
What are the prime 